{"id":64,"date":"2013-04-04T21:40:37","date_gmt":"2013-04-04T18:40:37","guid":{"rendered":"https:\/\/blauweiss.fi\/?page_id=64"},"modified":"2024-05-03T09:02:52","modified_gmt":"2024-05-03T06:02:52","slug":"aanentoistoalan-palvelut","status":"publish","type":"page","link":"https:\/\/blauweiss.fi\/?page_id=64","title":{"rendered":"\u00c4\u00e4nentoistoalan palvelut"},"content":{"rendered":"\n<hr class=\"wp-block-separator has-alpha-channel-opacity is-style-wide\"\/>\n\n\n\n<h1 class=\"wp-block-heading\">\u00c4\u00e4nentoistoalan palvelut<\/h1>\n\n\n<style>.kb-row-layout-id64_b7c204-f5 > .kt-row-column-wrap{align-content:center;}:where(.kb-row-layout-id64_b7c204-f5 > .kt-row-column-wrap) > .wp-block-kadence-column{justify-content:center;}.kb-row-layout-id64_b7c204-f5 > .kt-row-column-wrap{column-gap:var(--global-kb-gap-md, 2rem);row-gap:var(--global-kb-gap-md, 2rem);padding-top:var(--global-kb-spacing-sm, 1.5rem);padding-bottom:var(--global-kb-spacing-sm, 1.5rem);grid-template-columns:minmax(0, calc(65% - ((var(--global-kb-gap-md, 2rem) * 1 )\/2)))minmax(0, calc(35% - ((var(--global-kb-gap-md, 2rem) * 1 )\/2)));}.kb-row-layout-id64_b7c204-f5 > .kt-row-layout-overlay{opacity:0.30;}@media all and (max-width: 1024px){.kb-row-layout-id64_b7c204-f5 > .kt-row-column-wrap{grid-template-columns:repeat(2, minmax(0, 1fr));}}@media all and (max-width: 767px){.kb-row-layout-id64_b7c204-f5 > .kt-row-column-wrap{grid-template-columns:minmax(0, 1fr);}}<\/style><div class=\"kb-row-layout-wrap kb-row-layout-id64_b7c204-f5 alignnone wp-block-kadence-rowlayout\"><div class=\"kt-row-column-wrap kt-has-2-columns kt-row-layout-equal kt-tab-layout-inherit kt-mobile-layout-row kt-row-valign-middle\">\n<style>.kadence-column64_ce4732-e2 > .kt-inside-inner-col,.kadence-column64_ce4732-e2 > .kt-inside-inner-col:before{border-top-left-radius:0px;border-top-right-radius:0px;border-bottom-right-radius:0px;border-bottom-left-radius:0px;}.kadence-column64_ce4732-e2 > .kt-inside-inner-col{column-gap:var(--global-kb-gap-sm, 1rem);}.kadence-column64_ce4732-e2 > .kt-inside-inner-col{flex-direction:column;}.kadence-column64_ce4732-e2 > .kt-inside-inner-col > .aligncenter{width:100%;}.kadence-column64_ce4732-e2 > .kt-inside-inner-col:before{opacity:0.3;}.kadence-column64_ce4732-e2{position:relative;}@media all and (max-width: 1024px){.kadence-column64_ce4732-e2 > .kt-inside-inner-col{flex-direction:column;justify-content:center;}}@media all and (max-width: 767px){.kadence-column64_ce4732-e2 > .kt-inside-inner-col{flex-direction:column;justify-content:center;}}<\/style>\n<div class=\"wp-block-kadence-column kadence-column64_ce4732-e2\"><div class=\"kt-inside-inner-col\">\n<p>Vuonna 2011 hankimme nykyaikaiset tietokonepohjaiset mittalaitteistot&nbsp; laajentamaan \u00e4\u00e4nentoistoalan palveluitamme. <strong>Suoritamme kalibroidulla mikrofonilla erilaisia \u00e4\u00e4nentoistolaitteiden mittauksia esim. taajuusvastemittaukset autossa, kotona kuunteluhuoneessa tai kotiteatterissa sek\u00e4 ammattik\u00e4yt\u00f6ss\u00e4 vaikkapa baarissa tai y\u00f6kerhossa. N\u00e4m\u00e4 mittaukset ovat korvaamaton apu laitteistoa s\u00e4\u00e4t\u00e4ess\u00e4, akustointia suunnitellessa tai kaiuttimien sopivan paikan hakemisessa. <\/strong>My\u00f6s kilpailuk\u00e4ytt\u00f6\u00f6n rakennettujen hifiautojen s\u00e4\u00e4t\u00e4minen onnistuu mittalaitteistoamme apuna k\u00e4ytt\u00e4en mutkattomasti.<strong><br><\/strong><\/p>\n<\/div><\/div>\n\n\n<style>.kadence-column64_91ef5c-d2 > .kt-inside-inner-col,.kadence-column64_91ef5c-d2 > .kt-inside-inner-col:before{border-top-left-radius:0px;border-top-right-radius:0px;border-bottom-right-radius:0px;border-bottom-left-radius:0px;}.kadence-column64_91ef5c-d2 > .kt-inside-inner-col{column-gap:var(--global-kb-gap-sm, 1rem);}.kadence-column64_91ef5c-d2 > .kt-inside-inner-col{flex-direction:column;}.kadence-column64_91ef5c-d2 > .kt-inside-inner-col > .aligncenter{width:100%;}.kadence-column64_91ef5c-d2 > .kt-inside-inner-col:before{opacity:0.3;}.kadence-column64_91ef5c-d2{position:relative;}@media all and (max-width: 1024px){.kadence-column64_91ef5c-d2 > .kt-inside-inner-col{flex-direction:column;justify-content:center;}}@media all and (max-width: 767px){.kadence-column64_91ef5c-d2 > .kt-inside-inner-col{flex-direction:column;justify-content:center;}}<\/style>\n<div class=\"wp-block-kadence-column kadence-column64_91ef5c-d2\"><div class=\"kt-inside-inner-col\">\n<figure class=\"wp-block-image size-full\"><a href=\"https:\/\/blauweiss.fi\/wp-content\/uploads\/2024\/05\/blauweiss-aanentoisto-palvelut.png\"><img loading=\"lazy\" decoding=\"async\" width=\"840\" height=\"432\" src=\"https:\/\/blauweiss.fi\/wp-content\/uploads\/2024\/05\/blauweiss-aanentoisto-palvelut.png\" alt=\"\" class=\"wp-image-487\" srcset=\"https:\/\/blauweiss.fi\/wp-content\/uploads\/2024\/05\/blauweiss-aanentoisto-palvelut.png 840w, https:\/\/blauweiss.fi\/wp-content\/uploads\/2024\/05\/blauweiss-aanentoisto-palvelut-300x154.png 300w, https:\/\/blauweiss.fi\/wp-content\/uploads\/2024\/05\/blauweiss-aanentoisto-palvelut-768x395.png 768w, https:\/\/blauweiss.fi\/wp-content\/uploads\/2024\/05\/blauweiss-aanentoisto-palvelut-486x250.png 486w\" sizes=\"auto, (max-width: 840px) 100vw, 840px\" \/><\/a><\/figure>\n<\/div><\/div>\n\n<\/div><\/div>\n\n\n<p>Taajuusvastemittausten ja elementtien parametrien m\u00e4\u00e4rittelemisen lis\u00e4ksi <strong>meilt\u00e4 l\u00f6ytyy ammattitason \u00e4\u00e4nenpainekilpailuihin tarkoitetut mittalaitteet, joilla voidaan mitata kaksi eri \u00e4\u00e4nil\u00e4hdett\u00e4 samanaikaisesti.<\/strong> N\u00e4iden mittalaitteiden avulla <em>voimme j\u00e4rjest\u00e4\u00e4 tasokkaita SPL-kilpailuja, jossa kovimman \u00e4\u00e4nenpaineen saavuttanut auto on voittaja sek\u00e4 voimme tarjota \u00e4\u00e4nenpainekilpailuihin autoansa rakentaville korvaamattoman avun laitteiston suunnitteluun ja kehitt\u00e4miseen tarjoamalla mahdollisuuden mitata laitteistonsa tuottama \u00e4\u00e4nenpaine luotettavasti jo ennen kilpailuja.<\/em> <strong>K\u00e4ytt\u00e4m\u00e4mme laitteet ovat eritt\u00e4in luotettavia 0,1 desibelin tarkkuudelle kalibroituja ja niill\u00e4 voi mitata \u00e4\u00e4nenpaineita jopa 175 dB SPL asti!<\/strong> Mik\u00e4li haluat j\u00e4rjest\u00e4\u00e4 autoaiheisessasi tapahtumassasi \u00e4\u00e4nenpainekilpailun tai haluat tulla mittaamaan maksimi\u00e4\u00e4nenpaineen autostasi, ota meihin yhteytt\u00e4, niin sovitaan yhdess\u00e4 mittauksen j\u00e4rjest\u00e4misest\u00e4.<\/p>\n\n\n<style>.kb-row-layout-id64_d70814-aa > .kt-row-column-wrap{align-content:center;}:where(.kb-row-layout-id64_d70814-aa > .kt-row-column-wrap) > .wp-block-kadence-column{justify-content:center;}.kb-row-layout-id64_d70814-aa > .kt-row-column-wrap{column-gap:var(--global-kb-gap-md, 2rem);row-gap:var(--global-kb-gap-md, 2rem);padding-top:var(--global-kb-spacing-sm, 1.5rem);padding-bottom:var(--global-kb-spacing-sm, 1.5rem);grid-template-columns:minmax(0, calc(65% - ((var(--global-kb-gap-md, 2rem) * 1 )\/2)))minmax(0, calc(35% - ((var(--global-kb-gap-md, 2rem) * 1 )\/2)));}.kb-row-layout-id64_d70814-aa > .kt-row-layout-overlay{opacity:0.30;}@media all and (max-width: 1024px){.kb-row-layout-id64_d70814-aa > .kt-row-column-wrap{grid-template-columns:repeat(2, minmax(0, 1fr));}}@media all and (max-width: 767px){.kb-row-layout-id64_d70814-aa > .kt-row-column-wrap{grid-template-columns:minmax(0, 1fr);}}<\/style><div class=\"kb-row-layout-wrap kb-row-layout-id64_d70814-aa alignnone wp-block-kadence-rowlayout\"><div class=\"kt-row-column-wrap kt-has-2-columns kt-row-layout-equal kt-tab-layout-inherit kt-mobile-layout-row kt-row-valign-middle\">\n<style>.kadence-column64_b2d394-90 > .kt-inside-inner-col,.kadence-column64_b2d394-90 > .kt-inside-inner-col:before{border-top-left-radius:0px;border-top-right-radius:0px;border-bottom-right-radius:0px;border-bottom-left-radius:0px;}.kadence-column64_b2d394-90 > .kt-inside-inner-col{column-gap:var(--global-kb-gap-sm, 1rem);}.kadence-column64_b2d394-90 > .kt-inside-inner-col{flex-direction:column;}.kadence-column64_b2d394-90 > .kt-inside-inner-col > .aligncenter{width:100%;}.kadence-column64_b2d394-90 > .kt-inside-inner-col:before{opacity:0.3;}.kadence-column64_b2d394-90{position:relative;}@media all and (max-width: 1024px){.kadence-column64_b2d394-90 > .kt-inside-inner-col{flex-direction:column;justify-content:center;}}@media all and (max-width: 767px){.kadence-column64_b2d394-90 > .kt-inside-inner-col{flex-direction:column;justify-content:center;}}<\/style>\n<div class=\"wp-block-kadence-column kadence-column64_b2d394-90\"><div class=\"kt-inside-inner-col\">\n<p><strong>Meilt\u00e4 l\u00f6ytyy my\u00f6s eritt\u00e4in j\u00e4re\u00e4 ja monipuolinen valikoima Cerwin-Vega! ja Pioneer DJ merkkisi\u00e4 ammattik\u00e4ytt\u00f6\u00f6n tarkoitettu \u00e4\u00e4nentoistolaitteita, joista voi koota eri kokoisen tapahtuman j\u00e4rjest\u00e4mist\u00e4 varten sopivan kokonaisuuden.<\/strong> Kauttamme saat huippuluokan \u00e4\u00e4nentoiston erilaisiin tapahtumiin. Oli kyseess\u00e4 sitten yrityksenne tilaisuus, messuosasto, syntym\u00e4p\u00e4iv\u00e4t, h\u00e4\u00e4t, koulun disco tai muu syy juhlaan, kauttamme saatte kunnon \u00e4\u00e4nentoiston paikalle. Laitteiden lis\u00e4ksi tarjoamme samassa paketissa ns. Mobile DJ -palveluita tapahtumiin, eli huolehdimme my\u00f6s musiikin soittamisesta toiveidenne mukaisesti. <em>Laitteistomme kapasiteetti riitt\u00e4\u00e4 aina muutaman kymmenen ihmisen juhlista useiden satojen ihmisten pihalla j\u00e4rjestett\u00e4viin tapahtumiin.<\/em> Laitteita emme kuitenkaan luovuta erikseen ulkopuoliseen k\u00e4ytt\u00f6\u00f6n. Kerro meille lis\u00e4\u00e4 tapahtumastasi s\u00e4hk\u00f6postilla, niin kerromme mielell\u00e4mme lis\u00e4\u00e4 palveluistamme!<\/p>\n<\/div><\/div>\n\n\n<style>.kadence-column64_d59749-0a > .kt-inside-inner-col,.kadence-column64_d59749-0a > .kt-inside-inner-col:before{border-top-left-radius:0px;border-top-right-radius:0px;border-bottom-right-radius:0px;border-bottom-left-radius:0px;}.kadence-column64_d59749-0a > .kt-inside-inner-col{column-gap:var(--global-kb-gap-sm, 1rem);}.kadence-column64_d59749-0a > .kt-inside-inner-col{flex-direction:column;}.kadence-column64_d59749-0a > .kt-inside-inner-col > .aligncenter{width:100%;}.kadence-column64_d59749-0a > .kt-inside-inner-col:before{opacity:0.3;}.kadence-column64_d59749-0a{position:relative;}@media all and (max-width: 1024px){.kadence-column64_d59749-0a > .kt-inside-inner-col{flex-direction:column;justify-content:center;}}@media all and (max-width: 767px){.kadence-column64_d59749-0a > .kt-inside-inner-col{flex-direction:column;justify-content:center;}}<\/style>\n<div class=\"wp-block-kadence-column kadence-column64_d59749-0a\"><div class=\"kt-inside-inner-col\"><div class=\"wp-block-image\">\n<figure class=\"alignleft\"><img loading=\"lazy\" decoding=\"async\" width=\"204\" height=\"308\" src=\"https:\/\/blauweiss.fi\/wp-content\/uploads\/2013\/04\/vegat-1.jpg\" alt=\"vegat-1\" class=\"wp-image-72\" srcset=\"https:\/\/blauweiss.fi\/wp-content\/uploads\/2013\/04\/vegat-1.jpg 204w, https:\/\/blauweiss.fi\/wp-content\/uploads\/2013\/04\/vegat-1-198x300.jpg 198w, https:\/\/blauweiss.fi\/wp-content\/uploads\/2013\/04\/vegat-1-165x250.jpg 165w\" sizes=\"auto, (max-width: 204px) 100vw, 204px\" \/><\/figure>\n<\/div><\/div><\/div>\n\n<\/div><\/div>","protected":false},"excerpt":{"rendered":"<p>\u00c4\u00e4nentoistoalan palvelut Vuonna 2011 hankimme nykyaikaiset tietokonepohjaiset mittalaitteistot&nbsp; laajentamaan \u00e4\u00e4nentoistoalan palveluitamme. Suoritamme kalibroidulla mikrofonilla erilaisia \u00e4\u00e4nentoistolaitteiden mittauksia esim. taajuusvastemittaukset autossa, kotona kuunteluhuoneessa tai kotiteatterissa sek\u00e4 ammattik\u00e4yt\u00f6ss\u00e4 vaikkapa baarissa tai y\u00f6kerhossa. N\u00e4m\u00e4 mittaukset ovat korvaamaton apu laitteistoa s\u00e4\u00e4t\u00e4ess\u00e4, akustointia suunnitellessa tai kaiuttimien sopivan paikan hakemisessa. My\u00f6s kilpailuk\u00e4ytt\u00f6\u00f6n rakennettujen hifiautojen s\u00e4\u00e4t\u00e4minen onnistuu mittalaitteistoamme apuna k\u00e4ytt\u00e4en mutkattomasti. Taajuusvastemittausten&#8230;<\/p>\n","protected":false},"author":1,"featured_media":0,"parent":0,"menu_order":0,"comment_status":"closed","ping_status":"closed","template":"","meta":{"ngg_post_thumbnail":0,"_kad_post_transparent":"","_kad_post_title":"","_kad_post_layout":"","_kad_post_sidebar_id":"","_kad_post_content_style":"","_kad_post_vertical_padding":"","_kad_post_feature":"","_kad_post_feature_position":"","_kad_post_header":false,"_kad_post_footer":false,"footnotes":""},"class_list":["post-64","page","type-page","status-publish","hentry"],"_links":{"self":[{"href":"https:\/\/blauweiss.fi\/index.php?rest_route=\/wp\/v2\/pages\/64","targetHints":{"allow":["GET"]}}],"collection":[{"href":"https:\/\/blauweiss.fi\/index.php?rest_route=\/wp\/v2\/pages"}],"about":[{"href":"https:\/\/blauweiss.fi\/index.php?rest_route=\/wp\/v2\/types\/page"}],"author":[{"embeddable":true,"href":"https:\/\/blauweiss.fi\/index.php?rest_route=\/wp\/v2\/users\/1"}],"replies":[{"embeddable":true,"href":"https:\/\/blauweiss.fi\/index.php?rest_route=%2Fwp%2Fv2%2Fcomments&post=64"}],"version-history":[{"count":16,"href":"https:\/\/blauweiss.fi\/index.php?rest_route=\/wp\/v2\/pages\/64\/revisions"}],"predecessor-version":[{"id":489,"href":"https:\/\/blauweiss.fi\/index.php?rest_route=\/wp\/v2\/pages\/64\/revisions\/489"}],"wp:attachment":[{"href":"https:\/\/blauweiss.fi\/index.php?rest_route=%2Fwp%2Fv2%2Fmedia&parent=64"}],"curies":[{"name":"wp","href":"https:\/\/api.w.org\/{rel}","templated":true}]}}